 -41 + -12?
21
What is the value of 14025 - 14036 - (-49 + 0)?
38
What is (10 + 8 + -31 - 66) + (-6 - (12 - 7))?
-90
What is the value of 88 - -1 - (0 + -9 + 5 + -23 - -19)?
97
What is the value of 141 - (49 - (49 + -154))?
-13
Evaluate (-532 - -464) + (-6 - -39).
-35
What is the value of (111 - (-133 - -216)) + (-66 - 2)?
-40
What is 2 + -16 + -13 - (11 + -104)?
66
15 - ((0 - -4) + (-375 - -401)) - 58
-73
Calculate 32 - (14 - 12) - 69.
-39
Calculate -17 + 29 + 1 + -3 + (-1305 - -1316).
21
Evaluate 26 + (29 - (-60 - -100)).
15
What is the value of -2 + -61 + 7 + (708 - 732)?
-80
Evaluate -93 + (1 - 1) + 394 + -132 + -250.
-81
Evaluate -145 + (43 - 35) + (-36 - -75).
-98
Calculate -1 + (17 + (2 - -25) - 1).
42
What is 15 + (3 - -25) + 56?
99
What is (35 + 16 + -22 - 50) + -12 + 2?
-31
Evaluate 1 - (-74 - -1) - (39 + -60 + 30) - 2.
63
What is 32 + -228 + (5 - -19) + 31?
-141
Evaluate (5 - -1) + (280 + -279 - (-11 + 0)).
18
Evaluate 19 + -8 - -33 - (-19 - -9).
54
Calculate -71 - (-68 - 81) - 10.
68
Evaluate 40 + -18 + -9 - (-10 - (8 - 7)).
24
Evaluate 25 + 51 + -2 + -27.
47
Evaluate (11 - 28) + -25 + -7 + -4 + 11 + -4.
-46
-85 - (-87 + 34 + 43)
-75
Calculate 59 - (0 + 22 + -181 + 166 + 0 + -16).
68
9 + -1 - (2 - 2) - (-11 - (-111 - -40))
-52
What is -36 - ((8 - (12 + -16)) + -31)?
-17
What is 39 - 28 - (-2 - -7) - (20 - 1)?
-13
What is the value of 46 - 61 - (10 - 7) - (0 + (7 - -2))?
-27
Evaluate -29 + (-19 + (13 - 0) - 7) + 26.
-16
What is the value of 1193 + -1178 - (96 - (2 - -1 - 8))?
-86
Evaluate 75 + -35 + -31 + (4 - 33).
-20
Evaluate 8 + -7 + -1 + (13 - (3 - -21)) + 45.
34
Evaluate 99 - ((3 - (6 - (3 - 12))) + -99 + 107).
103
20 - (-855 + 865 + -1 + -33)
44
Evaluate 2380 + -2272 + -153 + 0.
-45
What is 60 + -2 + -14 + -6 + 2 + 2?
42
Evaluate (58 - 6 - -76) + (-4 - 1 - -1).
124
What is the value of -397 - -310 - (7 - (5 - 5) - -8)?
-102
Calculate 31 + (30 - (-18 + -15 + 164)).
-70
(149 - 264) + 226 - (1 + 29)
81
What is 35 + -24 - ((-4 - (3 - (1 - -6))) + 31)?
-20
(-5 - (-27 + 16)) + 25 + 1
32
18 - 2 - (-273 - -255 - (0 - 5))
29
Evaluate -12 + 6 - ((89 - (-29 + 41)) + -2 + 3).
-84
Calculate (-41 - -17) + -30 + 49.
-5
Evaluate 11 + (-44 - 0 - (0 + 58 - 74)).
-17
Evaluate 3 + (-19 - (-22 + (5 - -7))) - 33.
-39
(-296 - -277) + 127 + (-4 - 3) + 12
113
Calculate (27 - 1) + -15 + 19 + -300 + 299.
29
Calculate -5 + 1 - 8 - (-94 + -2 + -15).
99
What is the value of -244 - -97 - -21 - -119?
-7
Evaluate -41 - 18 - (-457 - -457 - (1 + 5 + -1)).
-54
What is the value of 4 + (-14 - -18) + 15 + 11 + 13?
47
-59 + (99 - 87 - (35 - 10 - (1 + 2)))
-69
Evaluate (1 - -10 - (38 + 7 - 33)) + 12.
11
What is the value of (30 - 5) + -11 + -48 + -15?
-49
Evaluate (3879 - 3812) + (-77 - 0).
-10
Calculate -37 + 13 + -16 - -48.
8
Evaluate 16 + -13 + -4 - (3 + -11 + 6 - -12).
-11
What is 1 + (5 - 2 - (-10 - -4)) - (-1 - -81)?
-70
What is the value of (8 - -1) + (-2 - (-21 - -33)) + 32?
27
Evaluate -1 + 15 - (-108 + 162).
-40
Calculate (-20 - (0 + 9)) + (8 - 18) + 2.
-37
(-7 - 59 - -5) + 50
-11
Calculate -20 + -30 + -10 + 17.
-43
Calculate 7786 + -7784 + (1 - 3) + (0 - 71).
-71
Evaluate 19 - (8 - (77 - 70)).
18
-3 + 1 + 34 - (4515 + -4546)
63
Evaluate (3 + -2 + 1 - (22 - 10)) + 16 + -34.
-28
What is the value of 61 - (-37 - (15 + -60))?
53
What is (27 + 28 - 66 - 6) + (0 - -20)?
3
Evaluate (5 - 18) + 2 + 4 + -7 + 16 + -6.
-4
-5924 + 5967 - (-18 + 1)
60
What is the value of 236 + -99 + (16 - 10) + -45?
98
What is -1 + 25 + -38 + 48 + -37?
-3
(-1 - -16) + -1 + 142 + -156 - 6
-6
Evaluate 16 + 0 + (-15 - (45 - 61)) + -96.
-79
What is 57 + -142 + 56 + (85 - 1)?
55
What is 46 + (-136 - -208) - 127?
-9
Evaluate 15 - (141 - 156 - (36 - 1) - 3).
68
-20 - ((-6 - -17) + -23) - -64
56
Evaluate -29 - (-11 - -38 - (-12 - -18)).
-50
(-27 - (29 - (83 + -29))) + -4
-6
What is the value of 238 - 229 - (-5 + 28) - 42?
-56
What is the value of 9 + (-18 + (14 - 4) + -102 - (-10 + 3))?
-94
Evaluate (98 - 0) + -54 + -84.
-40
What is the value of (-32 - 27) + (-5 - (5 + -28)) + 2?
-39
Evaluate 6 - (16 - (-7 + 14)) - -42 - -15.
54
159 + (-7 - 61) - 29
62
Evaluate (186 - 51) + -91 - (4 + 1).
39
Calculate 0 - (-8 - -4) - (-138 - -147) - (36 - -8).
-49
Calculate -2 + -3 + -309 + 302 + 83 + (3 - 3).
71
What is the value of 16 + 15 + -19 - (49 + 41)?
-78
Evaluate -3 - (-10 + 76 + 11 + -13 + (18 - 5)).
-80
Calculate -6 - ((8 - -12) + (-62 - 1)).
37
5 + 1 - (-6 - -8) - 9 - (-70 - -88)
-23
Calculate 33 + (-67 - -184) + -79.
71
Calculate (6 - (1681 + -1674 - (33 - 0))) + 11 + 0.
43
Calculate -25 + -102 + 63 + 33.
-31
Calculate (-1681 + 1650 - (-2 - 30)) + -2 + (13 - 2).
10
Calculate (75 - -61) + -72 - (2 - (1 - -13)).
76
Evaluate (55 - -4) + 4 - (-1187 - -1149).
101
17 - -1 - (78 - 37)
-23
Calculate (-3169 - -3167) + (1 + 1 - 3).
-3
What is -1 - (-9 - (-3 - -14 - 10))?
9
Calculate -3 + 7 - (-15 + 7 + 13) - -5.
4
Evaluate -273 - -289 - (-3 - (-2 + -2)).
15
What is -3 + -62 + (15 - (-13 + 6 - -18))?
-61
Calculate 1 + 3 + 2 + 43 + -24.
25
-32 - -4 - (91 + (-126 - -62))
-55
Calculate (-77 - -59) + (-18 - (13 - 55)).
6
What is -34 + (-70 - (4 - 115))?
7
Evaluate 31 + (156 - 134) + 64.
117
-17 + -5 + (-2 - -7) + 1 + -3
-19
-13 - (-13 + (-5 - -14) + 1 + 7)
-17
What is 23 + (17 - -18) + -101?
-43
What is the value of 54 - (74 + -34 - (18 - 0))?
32
135 + 0 + 1 + (55 - (821 + -761))
131
Evaluate 11 + (-34 - -24) - 7 - 56.
-62
Calculate -9324 + 9354 + (-137 - -2).
-105
What is 0 + -26 - (18 + (20 + -15 - 16) - 12)?
-21
Calculate (13 - 7 - -7) + (36 - (-35 + 52)).
32
(-105 - -14 - 24) + 171
56
2 + 7 - (24 + 0 + -388 + 377) - -28
24
What is 4 + (3 - (0 + 3)) - (805 + -831)?
30
What is 22 + (1 - -11 - ((-5 - -38) + -22) - -6)?
29
What is the value of 2 + -2 - 12 - -11 - (-40 + -1)?
40
Calculate 19 + 53 + (27 - 55).
44
What is the value of -49 + (93 - 18 - -30)?
56
What is 79 + (-76 + 155 - 99)?
59
Evaluate (632 - 673) + 1 + 71 + 48.
79
What is (-6 - 2 - -8) + (7 - -8 - 88)?
-73
What is the value of 102 + -101 + -125 - -59?
-65
Evaluate (8 - -71) + (11 - 31) + 0 - (10 + 1).
48
What is 2 + -1 - 26 - (10391 + -10372)?
-44
-1 - -5 - (2653 - 2547)
-102
Evaluate -1232 + 1076 - (1 - 96).
-61
Evaluate (109 - -3) + (219 - 178).
153
What is the value of -27 - ((10 - 18) + 32 + 18)?
-69
What is the value of -12 - (3 - 3) - (-47 + (27 - -26))?
-18
Evaluate 51 + -55 + (-16 - -2).
-18
What is the value of -26 + -42 + 64 - (17 - -1)?
-22
What is the value of -17 + 23 + 19 + -49 - -75?
51
Evaluate -5 - (-3 - -4 - -12 - (119 + -118)).
-17
Evaluate 2 + -5 - (8 - (-55 + 38)).
-28
What is the value of (-6 + 5 + -2 - 24) + (1 - (12 - 17))?
-21
What is -128 + (-20 - ((-37 - -15) + 5 + 12))?
-143
Calculate -3 + 4 + -2 - (-33 + (97 - 29)).
-36
What is the value of (-33 - -3) + 1 + (-8 + 9 - 18)?
-46
What is the value of -2 + (10 - 14) - ((-3 - -11) + (54 - 22))?
-46
What is the value of 39 + 46 + (-63 - 51)?
-29
-93 + (-11 - -59) - -43
-2
What is the value of (-30 - (-56 + 23)) + 3 + 3 + 0?
9
Evaluate -25 - (22 - (-18 - -7) - 13).
-45
Calculate 21 + (-4 - (30 - 23)) - (-2 + 71).
-59
Calculate -4 - -7 - 107 - (-1228 - -1191).
-67
Calculate -10 - (-41 + 28) - (13 - (4 - 0)).
-6
Calculate 888 + -862 + (-1 - -9) - 97.
-63
(20 - 18 - -48) + 8 + (7 - 14)
51
What is -69 + -71 + 59 - -25?
-56
-49 + -11 + (13 - (-10 - (-26 + 12)))
-51
Calculate 19 - (-10 + (-20 - -29) - 3).
23
What is the value of -31 + 16 + -35 + -14?
-64
12 + 2 + 3 + (2 - 146) + (-25 - -40)
-112
Evaluate -27 - (1 + -15 + 7 + -3) - 11.
-28
What is 26 - 22 - (-10 + -11 + 14)?
11
What is (-2 + -19 - (288 - 312)) + (1 - 0)?
4
Calculate 3 + (76 + 6 - (8 - 3)) + (2 - -12).
94
Calculate (4 - -4) + (-12 - (16 - (1 - -34))).
15
Evaluate -15 - (-7 + 22 + (-9 - 13)).
-8
What is (0 - 26) + (90 - (-4 + 136))?
-68
-111 + (39 - -3 - 22)
-91
-2 - -15 - (8 + (-23 - -29) + 19)
-20
-75 + 65 - (-12 + -54)
56
What is (-2257 - -2210) + (1 - 2 - -28)?
-20
What is the value of (8 + -3 + -1 - -10) + (9 - (-89 - -140))?
-28
(-10 - -4) + -30 + 106 + -48
22
Calculate -43 - (-30 - 6) - -70.
63
Evaluate 90 + (51 - (3 - -144)).
-6
Evaluate 39 + (156 - 164) + -36.
-5
Calculate 7 + 1 + -1 + 12 + 195 + -215 + -18.
-19
Calculate 117 - 76 - (-4 - 65).
110
What is the value of (-18 - 2) + (41 - 102 - -117)?
36
E